 1 - (2 + -4 + -1).
4
Evaluate (-2 - 13 - -11) + -5.
-9
(0 - 5) + 13 + -6
2
What is the value of -3 + -2 + 5 + -2?
-2
Evaluate -1 + (-1 - -1) - (-5 - 1).
5
2 + -4 + 2 + 1 + -1
0
(-3 - (3 - 3) - -2) + 4
3
Evaluate (11 - (-6 + 11)) + (-1 - 2).
3
0 - (-1 + -3) - 4
0
Evaluate (6 + 6 - -3) + -5 + -1.
9
7 - (-3 - (-3 + -6))
1
4 + (0 + -1 - 1) - -4
6
Calculate (-5 + 0 - -2) + 3.
0
What is the value of (-10 - -3) + (2 - -1)?
-4
Evaluate -2 + (12 - 5) + -4.
1
What is the value of (4 + 0 - 10) + 6?
0
Evaluate 4 + -14 - 1 - -10.
-1
What is 0 + -4 + 3 + (3 - 2)?
0
Calculate 1 - (4 - -3 - 3).
-3
-3 - (3 - (1 + (3 - 3)))
-5
Evaluate -8 + 1 - (-3 + -6 + 7).
-5
Evaluate 8 + (-1 - (-4 + -1) - 7).
5
What is (-1 - -1) + 4 + 2?
6
(-1 - 0) + (0 - (7 + -12))
4
What is the value of 5 + -3 + -3 + (0 - -4)?
3
Calculate -2 + (-8 - (6 - 19)).
3
What is 1 + (0 - (-2 - -3))?
0
What is 1 + -4 - (-2 + -6)?
5
0 + (-9 - (-1 + -4))
-4
(-5 - (-31 - -14)) + (-1 - 3)
8
Calculate 3 - (2 + -4 - 0).
5
Calculate -12 + 2 - (5 + -8 + -4).
-3
-1 + (5 - 3) + 3
4
-4 + (-1 - (-2 - (5 + -2)))
0
Calculate -5 + -3 + -6 + 12.
-2
What is the value of -2 + -4 + -1 + 3?
-4
1 - 0 - -15 - 7
9
Calculate -11 + 1 + (47 - 40).
-3
What is 0 + 4 - (9 + -4)?
-1
-2 + (-3 - (-1 + 1)) + 4
-1
What is 6 + 0 - (40 + -37)?
3
What is the value of 10 + -8 + (2 - 6)?
-2
Evaluate (-4 - 1) + 20 + -15.
0
Calculate -11 + (2 - -2) + 0.
-7
What is (2 - -23 - 20) + (1 - -1)?
7
What is 4 + (4 - 3) + -5?
0
Calculate (1 + -2 - (-7 - -6)) + 4.
4
What is the value of -12 + -1 + 6 + 3?
-4
What is the value of 0 + -6 - ((0 - 7) + 5)?
-4
What is the value of -13 + 14 + 1 + 2?
4
What is 1 - 0 - (-4 - 0 - -3)?
2
Evaluate (2 - 0) + (16 + -3 - 7).
8
What is 5 - 5 - (-3 + 10)?
-7
Calculate -1 + 1 + 4 + -4 - 2.
-2
What is -3 + 6 + (3 - 3)?
3
What is the value of 1 - 2 - (-5 - -9)?
-5
Evaluate (1 - (-4 + 3)) + 2.
4
24 + -3 - (-3 + 15)
9
What is the value of -5 + 2 + (-4 - -2) + 9?
4
What is the value of -9 + 3 - -2 - (-8 + 1)?
3
What is -1 + 2 + (-4 - -3)?
0
Calculate -1 + 1 + -3 + -13 + 15.
-1
What is the value of -6 + (-2 - (-8 - -3))?
-3
Evaluate -2 + (8 - 4) + 2.
4
Calculate -6 + -1 - (-4 + (7 - 7)).
-3
Evaluate (9 - -7) + (-13 - -5).
8
4 + 0 + -33 + 28 - -6
5
Evaluate (-1 - 3 - 1) + -12 + 12.
-5
-6 + 6 + (6 - 8) + 3
1
Calculate 1 + ((4 - 1) + 3 - 5).
2
Evaluate -2 + 3 + (-11 - (12 - 13)).
-9
What is -5 - (1 - -4 - (8 + -3))?
-5
Calculate 6 - ((-7 - -12) + -2).
3
7 - (11 - (-7 + 10))
-1
Evaluate 5 - 0 - (-3 - (-2 - 13)).
-7
What is 1 + 13 + -17 + 6?
3
Evaluate 0 - (0 - 4) - 0.
4
Calculate 0 + 7 + -5 + -8 + 12.
6
3 - 1 - (-4 + 15 - 11)
2
Calculate 5 + -10 - (1 - 3).
-3
0 - (2 + -3) - (32 - 30)
-1
Evaluate -4 - (5 + 2 + (-13 - 0)).
2
Evaluate (-5 - -7) + -5 + 3.
0
Evaluate 5 - (9 - (4 + -6)).
-6
Evaluate 4 + 4 + 0 + -2 + 0.
6
13 - 16 - (-9 - -2 - -2)
2
Evaluate 21 + -22 - (-5 + 1).
3
Calculate 0 - (2 - (0 - (0 + 0))).
-2
Calculate (4 - 1) + (-38 - -35).
0
What is the value of (6 - 3) + -6 + 4?
1
(-5 - -17) + -14 - -11
9
What is (-1 - -4) + (-52 - -46) - 0?
-3
5 - (-5 - (-6 + -1 + -5))
-2
Evaluate 1 + 0 + (-2 + 3 - -1).
3
What is -3 - (3 - (-2 + 9))?
1
2 - ((-4 - (-3 + 1)) + 9)
-5
(-4 - -3) + 3 + -3 + 6
5
Calculate -2 + -2 + 1 + -1.
-4
What is (4 - 5 - -5 - 2) + -5?
-3
Calculate 7 - (-10 - -21 - 1).
-3
Calculate -3 + -14 + 8 - -8.
-1
7 - (7 - (1 - 6 - -7))
2
What is the value of (7 - (0 + 9)) + 3?
1
Calculate -5 + 8 + (1 - 1) - 5.
-2
-2 + (4 - (8 + 2))
-8
What is (-1 - -4) + (4 + 2 - 7)?
2
What is the value of 3 - ((1 - -4) + -5)?
3
Evaluate -5 - ((-2 - 3) + -3).
3
(30 - 12 - 14) + (-2 - 2)
0
What is the value of (9 - 7 - (-3 + 3)) + 3?
5
Evaluate -3 + -4 - (2 - 9).
0
1 - (-4 + 2 + 1 + 6)
-4
Calculate -3 - (-11 + -3) - (7 + -2).
6
(0 - -3) + 2 + -3 + 3
5
5 + (-11 - -3 - (2 + -4))
-1
Evaluate 5 + (0 - 9) + -3.
-7
(4 - 5 - -3) + 1 + 0
3
Evaluate (6 - 7) + 5 + -1.
3
Evaluate -5 + (2 - -3) + -3.
-3
5 + 2 + -7 - (7 + -1)
-6
-1 + (-1 + -1 - (-10 + 5))
2
11 + -13 + 7 - 1
4
4 + (1 - -5) - 6 - 5
-1
What is the value of -5 + 2 + 16 + (-5 - 4)?
4
Calculate 13 - 14 - (1 + 1).
-3
30 + -24 + (-1 - 6)
-1
Calculate 0 + 1 + 2 - (-41 - -44).
0
What is the value of -1 + 1 - (-11 - (9 + -23))?
-3
What is -9 + 2 + -1 + 3?
-5
Evaluate -3 - (-7 - (-2 - 7)) - -14.
9
Evaluate (-2 - 1) + -2 + 7.
2
What is the value of 2 + 3 - (3 - (-3 + 0))?
-1
(-1 + -1 - 6) + 34 + -29
-3
-2 + 3 + 0 - 2 - -3
2
-1 + 2 + (11 - (17 - 4))
-1
Evaluate (-5 - (-6 + 6)) + 2.
-3
Calculate 17 + -14 - (-1 + 9).
-5
What is the value of 4 + 6 + (-3 - 10) - -12?
9
Evaluate -5 - 1 - (-3 + 0 - 2).
-1
Evaluate 170 + -172 - (-9 - 0).
7
What is -9 + (-9 - (2 - (-2 + 22)))?
0
Evaluate (10 - 9) + 3 + 0.
4
Evaluate -12 + 3 + (2 - -8).
1
Evaluate 0 + (-2 - (0 - -3)).
-5
What is the value of 4 + -3 + -3 + 2?
0
What is (-4 - 10) + (-1 - -10)?
-5
What is 57 + -53 - (4 + 0)?
0
What is the value of -4 - (7 - (7 - 2))?
-6
What is the value of (-14 - (-11 - (-2 + -3))) + -1?
-9
1 - (-3 - (-2 - (-3 - -5)))
0
Calculate 2 - (0 - (0 + -2 + -9)).
-9
Calculate 0 + 0 + (-1 - -5).
4
3 + -4 + 0 + (-1 - -7)
5
Calculate -2 + 0 + (16 - 19).
-5
What is the value of ((-2 - -5) + 10 - 6) + -3?
4
28 - 21 - ((2 - 2) + 5)
2
Evaluate 3 - (5 - 6 - -3).
1
Calculate 2 + 9 + -3 + -5.
3
What is the value of (-2 - -1) + 1 - -1?
1
Evaluate -2 - ((2 - -2) + 1).
-7
Evaluate 0 + -5 + 24 + -20.
-1
6 - -3 - (-9 + 24)
-6
Calculate -34 + 44 + -1 + -7.
2
10 + -7 - (0 - -1)
2
Evaluate 6 + (-5 - 6 - -6).
1
(-4 - -7) + 0 - 7
-4
Evaluate 7 + -15 - (-1 - 4).
-3
Calculate 1 - (2 - (0 - -2)).
1
What is the value of 4 + (-5 - -3) + -7 + -4?
-9
Evaluate -48 + 61 + -21 + 0.
-8
What is the value of 2 - ((2 + -2 - -5) + -4)?
1
-3 + (-4 - 1) + -21 + 22
-7
What is 2 + (0 - 16) - (55 + -63)?
-6
Calculate -2 + 3 + 6 + (1 - 4).
4
Calculate -2 - (-7 - (1 + -1 - 2)).
3
What is (1 - 0) + -2 - (-1 + -1)?
1
What is the value of -2 + 8 + 2 + -5?
3
What is -2 + 3 + 130 + -127?
4
(6 + -8 - 3) + 1
-4
Evaluate -2 + 6 + 0 - 4.
0
-4 + (-4 - (-12 - 5) - 2)
7
Calculate (-3 - (1 + -5)) + 0 + -2.
-1
11 - (3 + 2 - -2)
4
Calculate 4 + 2 + -2 + 4 + -9.
-1
1 - 0 - (-9 + 10)
0
Calculate (0 - -4) + (12 - 16).
0
Evaluate -5 - (-8 + 4 + 3).
-4
Calculate 4 + -1 + -2 - (1 + 0).
0
Calculate 2 + 2 - -2 - 1.
5
What is the value of -2 - (-5 - 0) - (-2 + 5)?
0
What is the value of 1 + 12 + -14 - (-1 - -1)?
-1
Calculate (-2 - 3) + (7 - (4 - 1)).
-1
(-14 - -8) + (1 - -3) + -5
-7
Evaluate -9 - (-12 + -9 + 10).
2
Evaluate 5 + -2 + -5 + (-4 - -1).
-5
Calculate -11 + -7 + 10 + 4.
-4
What is the value of -1 - (-1 + 4 + 5 + -4)?
-5
What is 10 + -13 + (3 - -3 - -2)?
5
What is the value of 11 + -1 + (85 - 88)?
7
What is the value of 41 + -49 + -1 + 10?
1
What is the value of (0 - -7) + -3 + (-1 - 1)?
2
2 - 4 - (13 - (3 - -2))
-10
-7 + 8 - (0 + -5) - -3
9
-5 + (-7 - (-4 + -1)) + 3
-4
What is the value of (-2 - (-3 + 3) - -1) + 1?
0
(7 - -3 - 6) + (-15 - -5)
-6
Evaluate -5 + 1 + (-4 - -10).
2
Calculate (-10 - ((0 - 1) + -3)) + 2.
-4
13 - 4 - 4 - (-2 + 5)
2
What is the value of -11 + 9 + 14 + -20?
-8
What is the value of 13 + (7 - (5 + 9))?
6
What is the value of (2 - (-2 + -2)) + 5 + -8?
3
4 + -15 - (-4 - 2)
-5
What is (2 - -6 - -2) + -8?
2
Calculate -1 + 6 - (-15 - -21).
-1
0 + -3 - -1 - 1
-3
What is the value of -6 + (-2 + 3 - -3)?
-2
What is the value of (0 - 0) + (1 - (0 - 2))?
3
Calculate 1 - (-6 + 3 + 0).
4
3 - -1 - (2 + -3)
5
What is the value of 3 + -5 + 2 + (2 - 0)?
2
Evaluate (2 + -7 - 2) + 1 + 1.
-5
Evaluate (4 - 1) + 2 + -3 + 1.
3
Calculate -8 - (-1 - (4 + -4 + 0)).
-7
Calculate 10 + 9 - 16 - (1 - 2).
4
Calculate (2 - (11 + -4)) + 8.
3
What is the value of 2 + -1 - (4 - 7) - 2?
2
Evaluate 3 - (2 + (6 - 6) - -11).
-10
-12 - (-7 - -2) - (-17 + 1)
9
Evaluate 3 + (-5 + 5 - 9).
-6
Calculate 6 - (7 - (-11 + 6)).
-6
What is the value of 0 + 2 - (1 - -4)?
-3
What is (-4 - (-6 - -6)) + 5?
1
What is -3 + -2 + 4 + -4 + 1?
-4
What is the value of -8 - (6 - (5 - -5))?
-4
Evaluate 4 + -1 - (-5 + 6 - -2).
0
Evaluate 2 - (3 + -4 + 0).
3
What is -3 + (-1 - -1) + (1 - -8)?
6
-5 - -8 - 5 - (1 - -2)
-5
Evaluate (7 - ((-6 - -2) + -2)) + -7.
6
What is the value of 0 - 9 - 6 - -8?
-7
3 + -4 + 5 - (4 + -1)
1
Evaluate (2 - -2) + (2 - (1 - -2)).
3
Calculate -1 + 5 + 5 + (8 - 22).
-5
0 - (2 + -5) - (9 + -1)
-